e
Is 12031 prime?
False
Is 95803 a composite number?
False
Is 40462 prime?
False
Is 4607 prime?
False
Is 6127 a composite number?
True
Is 34647 prime?
False
Is 33911 a prime number?
True
Is 210823 a composite number?
False
Is 1631627 a prime number?
False
Is 30437 a prime number?
False
Is 308599 a prime number?
False
Is 20269 a prime number?
True
Is 33481 prime?
False
Is 10587 a composite number?
True
Is 1054003 composite?
False
Is 20599 composite?
False
Is 13523 prime?
True
Is 651221 prime?
True
Is 57637 a composite number?
False
Is 128237 a prime number?
True
Is 425071 prime?
True
Is 154747 a composite number?
False
Is 7033 a composite number?
True
Is 61847 a composite number?
True
Is 182519 prime?
True
Is 161963 composite?
True
Is 428849 a prime number?
False
Is 5297 a composite number?
False
Is 1611331 a composite number?
False
Is 738341 a prime number?
True
Is 383739 a prime number?
False
Is 10399 prime?
True
Is 254245 a prime number?
False
Is 5792263 composite?
False
Is 817721 prime?
True
Is 41423 a composite number?
True
Is 5435 a prime number?
False
Is 64033 composite?
False
Is 152939 prime?
True
Is 11303 a prime number?
False
Is 555757 a prime number?
False
Is 1037 a composite number?
True
Is 2510767 a composite number?
True
Is 39211 prime?
False
Is 743143 prime?
True
Is 86161 a composite number?
False
Is 415851 prime?
False
Is 349473 prime?
False
Is 2765969 composite?
False
Is 25793 composite?
False
Is 842763 a composite number?
True
Is 326783 composite?
True
Is 135589 prime?
True
Is 58277 composite?
True
Is 65599 a composite number?
False
Is 5839 a composite number?
False
Is 120121 a prime number?
True
Is 295705 prime?
False
Is 55007 composite?
True
Is 382 composite?
True
Is 6261 a composite number?
True
Is 135361 a prime number?
False
Is 113923 a prime number?
False
Is 2657 a prime number?
True
Is 1003 prime?
False
Is 1143719 prime?
True
Is 250377 a composite number?
True
Is 86299 a prime number?
False
Is 124619 a composite number?
True
Is 522031 a composite number?
True
Is 42949 prime?
False
Is 329255 a composite number?
True
Is 1117 a prime number?
True
Is 5729 composite?
True
Is 471 a composite number?
True
Is 81181 a prime number?
True
Is 5879 a prime number?
True
Is 767 prime?
False
Is 23723 prime?
False
Is 3637 composite?
False
Is 336079 a prime number?
True
Is 14998 a composite number?
True
Is 22409 prime?
True
Is 28115 composite?
True
Is 915214 composite?
True
Is 22601 prime?
False
Is 5623 composite?
False
Is 28001 a prime number?
True
Is 1948339 prime?
False
Is 223085 a prime number?
False
Is 342779 a composite number?
True
Is 2359 prime?
False
Is 17971 a composite number?
False
Is 1441 composite?
True
Is 82853 a composite number?
True
Is 1223 a prime number?
True
Is 5801 prime?
True
Is 323413 a prime number?
True
Is 16349 a prime number?
True
Is 4105 a prime number?
False
Is 887 prime?
True
Is 175601 composite?
False
Is 64265 composite?
True
Is 13817 a composite number?
True
Is 325237 a prime number?
False
Is 99065 a composite number?
True
Is 3947 a composite number?
False
Is 35611 a prime number?
False
Is 10909 a prime number?
True
Is 62797 a prime number?
False
Is 109279 prime?
True
Is 4667 a prime number?
False
Is 242551 a prime number?
True
Is 117833 prime?
True
Is 1248379 prime?
False
Is 1400479 a composite number?
False
Is 41649 prime?
False
Is 12139 a prime number?
False
Is 99987 a composite number?
True
Is 6113 prime?
True
Is 270293 prime?
False
Is 66391 a composite number?
True
Is 408335 composite?
True
Is 5833 prime?
False
Is 16787 prime?
True
Is 1657 prime?
True
Is 416743 composite?
True
Is 2454587 a prime number?
True
Is 56177 a composite number?
True
Is 7277 a composite number?
True
Is 1234889 a prime number?
True
Is 1397 composite?
True
Is 106331 a composite number?
False
Is 37585 a prime number?
False
Is 182465 composite?
True
Is 119227 a prime number?
True
Is 6626 a prime number?
False
Is 47246 a prime number?
False
Is 1735 a composite number?
True
Is 457 a composite number?
False
Is 5581 a prime number?
True
Is 17159 composite?
False
Is 70531 composite?
True
Is 38314 composite?
True
Is 59911 a prime number?
False
Is 38957 a prime number?
False
Is 380021 a composite number?
True
Is 5599 a composite number?
True
Is 1920197 composite?
True
Is 9311 composite?
False
Is 35617 prime?
True
Is 14871 a composite number?
True
Is 18633 composite?
True
Is 51329 prime?
True
Is 695999 a composite number?
False
Is 4997 composite?
True
Is 229085 composite?
True
Is 57059 a prime number?
True
Is 5897 a prime number?
True
Is 1919 prime?
False
Is 114791 prime?
False
Is 1682489 prime?
True
Is 3817 composite?
True
Is 43943 a prime number?
True
Is 2119 composite?
True
Is 18119 prime?
True
Is 540317 composite?
True
Is 5381 composite?
False
Is 2003149 a prime number?
True
Is 76177 composite?
True
Is 98999 a composite number?
False
Is 1727069 a prime number?
True
Is 487133 a prime number?
True
Is 1046191 a composite number?
False
Is 18899 composite?
False
Is 583501 prime?
True
Is 38747 a composite number?
False
Is 242971 prime?
True
Is 7069 a prime number?
True
Is 69567 composite?
True
Is 737 a composite number?
True
Is 3169015 a composite number?
True
Is 7217 a prime number?
False
Is 23801 a composite number?
False
Is 22501 composite?
False
Is 149335 composite?
True
Is 38113 composite?
False
Is 677573 composite?
True
Is 41771 a prime number?
True
Is 19531 a composite number?
False
Is 11633 a composite number?
False
Is 74581 prime?
False
Is 82757 prime?
True
Is 7451 a prime number?
True
Is 1217 composite?
False
Is 190677 a prime number?
False
Is 705497 prime?
False
Is 1651 a composite number?
True
Is 536353 a composite number?
False
Is 6077 prime?
False
Is 100207 prime?
True
Is 4379 prime?
False
Is 147233 a composite number?
True
Is 2530193 composite?
False
Is 153911 a composite number?
False
Is 112741 a composite number?
False
Is 534949 composite?
False
Is 111949 a prime number?
True
Is 11087 composite?
False
Is 164569 a prime number?
True
Is 78341 prime?
True
Is 4513 a prime number?
True
Is 2596433 a prime number?
False
Is 69061 a prime number?
True
Is 5557 composite?
False
Is 1283255 composite?
True
Is 3247 prime?
False
Is 11099 prime?
False
Is 741641 composite?
False
Is 62183 prime?
False
Is 1098203 a prime number?
True
Is 3433 a composite number?
False
Is 14909 composite?
True
Is 27597 a composite number?
True
Is 371153 a composite number?
False
Is 3862 a composite number?
True
Is 15511 a composite number?
False
Is 393361 prime?
True
Is 6065 a composite number?
True
Is 11561 a prime number?
False
Is 48449 a prime number?
True
Is 5989 prime?
False
Is 4871 a prime number?
True
Is 2149 a composite number?
True
Is 136597 a composite number?
True
Is 12713 prime?
True
Is 499615 prime?
False
Is 27179 prime?
True
Is 43519 a composite number?
True
Is 62383 prime?
True
Is 349039 a prime number?
True
Is 78911 prime?
False
Is 95143 a prime number?
True
Is 654931 a composite number?
False
Is 922 prime?
False
Is 180949 a prime number?
True
Is 11755 a prime number?
False
Is 104035 a prime number?
False
Is 85 a composite number?
True
Is 352007 a prime number?
True
Is 337 a composite number?
False
Is 936685 prime?
False
Is 51007 a prime number?
False
Is 10111 prime?
True
Is 96539 prime?
False
Is 116437 prime?
True
Is 96245 a prime number?
False
Is 33767 composite?
False
Is 5723 prime?
False
Is 130899 a prime number?
False
Is 2857 composite?
False
Is 3260791 prime?
True
Is 42659 a composite number?
True
Is 3046 a prime number?
False
Is 30757 composite?
False
Is 22019 prime?
False
Is 16738 prime?
False
Is 44171 a prime number?
True
Is 43873 a prime number?
False
Is 1711 composite?
True
Is 622301 a prime number?
True
Is 3397103 composite?
False
Is 38039 composite?
False
Is 199517 a prime number?
False
Is 877169 a composite number?
False
Is 1024577 a prime number?
True
Is 189413 prime?
False
Is 28327 composite?
True
Is 11027 prime?
True
Is 502919 prime?
True
Is 1151 a prime number?
True
Is 31043 prime?
False
Is 153061 prime?
False
Is 1345919 a composite number?
True
Is 41879 a prime number?
True
Is 122831 composite?
True
Is 1151143 a composite number?
True
Is 6161 a composite number?
True
Is 3151955 prime?
False
Is 44167 a prime number?
False